 + 31*h**2 - 3*h + 25. Let k(t) = -7*t**3 + 22*t**2 - 2*t + 17. Let l(v) = 5*f(v) - 7*k(v). Give l(0).
6
Suppose -2*c - 2*j - 43 = 3*c, -3*c - 13 = -2*j. Let p(n) = -n**2 - 2 - 4*n - 3*n - 8. What is p(c)?
-10
Let d(o) = 3*o + 4. Let x be d(-3). Suppose -6 = -3*n + 3. Let j(w) = 5 - 4*w**2 + n*w**2 + 1 + 0*w - 3*w. Determine j(x).
-4
Let c(r) be the second derivative of -r**4/12 + r**3/6 + 3*r**2 + r + 5. Give c(0).
6
Let b(z) = -9*z + 16. Let r(q) = 4*q - 8. Let g(l) = -3*b(l) - 7*r(l). Suppose 9*t - 1177 = -1105. Calculate g(t).
0
Let d = 14 + -20. Let g be (4/d)/(3/(-9)). Let b(j) = 6*j**g + 9*j + 6 + 5*j**3 + 2*j**2 - 4*j**3 - j**2. Calculate b(-6).
-12
Let g be 67/(-11) - ((-168)/(-154))/(-12). Let w(o) = o**3 + 6*o**2 - 5*o - 6. Calculate w(g).
24
Let j(y) = 3*y**3 - 5*y**2 + 7*y - 6. Let d be j(2). Let c(h) = -h**2 + 11*h + 8. What is c(d)?
-4
Suppose -20*d = -9*d - 44. Suppose -k + 3*k + 8 = -4*o, -2*k + d = -2*o. Let b(t) = 2*t**2 + 2*t. Determine b(o).
4
Let s = 29 - 23. Let d be s/(-3)*(-1 - 2). Let f(l) be the first derivative of l**2/2 + 2*l - 1. Determine f(d).
8
Let k(r) be the first derivative of 2*r**3/3 - r**2/2 - r + 27. Suppose 3*s + h = -3*h + 2, 18 = -4*s + 5*h. Determine k(s).
9
Let d = -23 - -25. Suppose -5*x - d*w + 40 = 3*w, -4*x - 2*w + 22 = 0. Let i(o) = o**3 - 3*o**2 - o + 1. Determine i(x).
-2
Let n(y) = y + 9. Suppose 0 = 5*h - 90 + 50. What is n(h)?
17
Let r(y) = -2*y**2 + 3*y. Let c be r(0). Let s(u) = u**2 + 36. Determine s(c).
36
Let m(r) = -3*r**2 + 1. Let n be m(-1). Let i(z) = -z - 4. Calculate i(n).
-2
Let m(r) = -r**2 - 2. Let k(w) = 3*w**2 - w + 10. Let x(u) = k(u) + 4*m(u). Give x(-4).
-10
Let f(x) = x - 13. Let a be -7 + 17 + 5 + 0. Give f(a).
2
Let v(w) = -9*w**3 + w**2 - w - 1. Suppose 5*a + i = 6*i + 5, 2*a - 4*i = 6. Let d(k) = -k**2 - 4*k - 4. Let z be d(a). What is v(z)?
10
Let c(g) be the second derivative of -g**5/20 - 11*g**4/12 + 13*g**3/6 + 8*g**2 + 969*g. Let k = 7 + -19. Give c(k).
4
Let c be 2 - 14/6*3. Let w be (-1 + -1)/(2/c). Let v(p) = p**3 - 6*p**2 + 5*p - 1. Give v(w).
-1
Let j(a) be the second derivative of a**5/20 + a**4/3 - 2*a**3/3 + a**2 - a. Let v = 35 - 39. Let m(o) = 6*o + 19. Let s be m(v). Give j(s).
-3
Let x = 44 - 53. Let u(f) = 2*f**2 - 23*f - 3. Let k(p) = -p**2 + 11*p + 1. Let v(z) = x*k(z) - 4*u(z). What is v(5)?
-7
Let y(h) = -5*h - 19. Let i(t) = -t - 5. Suppose 0 = 5*u - 0*u - 4*o + 6, -2*o + 10 = u. Let p(g) = u*y(g) - 9*i(g). Determine p(-5).
12
Let d(c) = -c**2 + 2*c. Let f be 8*(-6)/(-192)*4. Calculate d(f).
1
Let j(o) = -o**3 + 3*o**2 + 2*o + 1. Let b be j(3). Let l(r) = 6*r. Let d(m) = -m**2 + m + 1. Let s(v) = d(v) + l(v). Calculate s(b).
1
Let c(s) = -s - 6. Let n = 925 + -917. Calculate c(n).
-14
Let b(w) = w**3 - 9*w**2 + 9*w - 10. Suppose -13*l + 16 = -11*l. Calculate b(l).
-2
Suppose 4*z + r - 13 = 15, -5*z = -5*r - 60. Let d be (-2)/z + 2/8. Let p(o) = o. Let b(u) = 2*u - 1. Let c(l) = -b(l) + 3*p(l). Determine c(d).
1
Let d be (-1)/5 + 46/5. Suppose f - 40 = -4*f. Let p = d - f. Let w(s) = -6*s**3 - 2*s**2 + 2*s - 1. Calculate w(p).
-7
Let y(b) = -2*b**2 + 0 + 10 + 4*b**2 + 0 - 151*b + 159*b. Determine y(-4).
10
Let t(h) = h**3 - 5*h**2 + 2*h + 1. Suppose -28*q - 49 = -161. Determine t(q).
-7
Suppose -101*o = -104*o + 18. Let b be o/8*(-8 - 0). Let m(w) = -w**3 - 7*w**2 - 5*w + 8. Give m(b).
2
Let f = 22 + -47. Let d = f + 26. Suppose -l - l - 5*h + 30 = 0, -3*l - d = -4*h. Let u(x) = x**3 - 5*x**2 - 3*x + 7. Determine u(l).
-8
Let j(r) = 5*r**3 - 2*r**2 - 4*r**3 - 4*r + 3*r**2. Let s = -1227 - -1224. Determine j(s).
-6
Suppose q - 4*s - 5 = -3, -s + 6 = 3*q. Let d(i) = -3*i**3 - 10*i**q - 2 - 9*i + 4*i + 2*i**3 + 3*i**2. Determine d(-6).
-8
Let n(f) = 8*f - 10. Suppose -4*u + 23 - 49 = -2*s, 5*s + 10 = -5*u. Determine n(s).
14
Let o(z) = 3*z**2 + 12*z - 8. Let n be o(-5). Let h(c) = -c + 11. Let y(g) = g - 12. Let r(k) = 7*h(k) + 6*y(k). Give r(n).
-2
Suppose 0 = -4*r + 4, 0*r = -3*w + 5*r - 11. Let p(y) = y**3 + 5*y**2 - 1. Determine p(w).
11
Let n = 18 - 18. Let x be 6 + -1 - (n + 2). Let k(y) = 88 - 88 + x*y. Calculate k(2).
6
Let q(a) = -a - 1. Let x(s) = -s**3 - 11*s**2 + s + 13. Let t = -12 + 1. Let y be x(t). Let m(i) = -11*i + 1. Let u(n) = y*q(n) + m(n). What is u(-1)?
12
Let j(l) = l**3 - 7*l**2 + 9*l - 9. Let k be j(4). Let s be 10/30*k/1. Let h(q) = q**3 - 2 + 7*q - 2*q**2 + 10*q**2 - 4. What is h(s)?
-6
Let o(w) = -w**3 + 8*w**2 - 9*w + 8. Suppose -4*a + 41 = 3*f - 9*a, a + 18 = 2*f. What is o(f)?
-6
Let l be (2 + 36/(-14))*14/(-4). Let z(s) = l - s**3 - 6 + 3 + 7*s**2 - s. Calculate z(7).
-8
Let x(k) = 5*k**3 - 12*k + 0*k**2 + 12 - 6 - k**2 + 6. Let r(j) = j**3 - 3*j + 3. Let f(w) = 9*r(w) - 2*x(w). Let p(d) = -d + 7. Let q be p(5). Calculate f(q).
-3
Let f be (12/(-4))/(2 - (4 + -1)). Let x(p) = -p + 7. Let d be x(5). Let i(v) = -4*v - d*v + 3*v + 1. Give i(f).
-8
Let n be 1/(((-2)/4)/(-1)). Let p(x) be the third derivative of x**5/20 - x**4/24 - x**3/6 + 11*x**2 - 49*x. Calculate p(n).
9
Suppose 0 = 8*z - 21*z + 13. Let y(m) = 8*m**2 - 2*m + 1. Determine y(z).
7
Suppose 4*o - 260 = -244. Let p(i) be the third derivative of 2/3*i**3 + 1/6*i**o + 0 + 1/60*i**5 + 0*i + 3*i**2. Calculate p(-3).
1
Let o(a) = a**2 - 2*a - 2. Let h(k) = 2*k**2 - 16*k - 12. Let b(t) = -h(t) + 3*o(t). Suppose 10 = -5*v - 35. What is b(v)?
-3
Let p(o) be the second derivative of -o**5/20 - 7*o**4/12 - o**3/6 - 11*o**2/2 - 696*o. Determine p(-7).
-4
Let b(w) = 28*w + 147. Let y be b(-5). Let q(i) = -i**2 + 6*i - 1. Give q(y).
-8
Let i(c) = -75*c**2 - 3*c + 35*c**2 + 39*c**2 - 3. Let w(v) = v**3 + 14*v**2 - 2*v - 32. Let p be w(-14). What is i(p)?
-7
Let t(j) be the second derivative of -1/20*j**5 + j + 5/6*j**3 - 1/2*j**2 + 1/4*j**4 + 0. What is t(4)?
3
Let y = 15 - 21. Let s(x) = 8*x**3 - 23*x**2 - 21*x + 42. Let q(w) = -7*w**3 + 19*w**2 + 19*w - 36. Let l(i) = -7*q(i) - 6*s(i). Calculate l(y).
6
Let z(d) be the second derivative of d**6/120 - d**5/60 + d**4/8 - 2*d**3/3 + 19*d**2 - 18*d. Let t(o) be the first derivative of z(o). Determine t(3).
23
Let w(z) = 3*z**3 + 13*z**2 - 2*z - 9. Let v(l) = 4*l**3 + 15*l**2 - 2*l - 9. Let u(n) = -4*v(n) + 5*w(n). What is u(4)?
-1
Let y = 16 + -8. Suppose -y + 9 = c. Let t(h) be the second derivative of 11*h**4/12 + h**3/6 - h**2/2 + 2*h. Calculate t(c).
11
Let f(t) = t**3 - 2*t + 5*t**2 - 2*t**2 - 2*t**2 + t**2. Calculate f(-2).
4
Let h(t) = -t**3 + 6*t**2 - t + 2. Let r(c) = -7*c. Let f be r(-1). Let z(w) = -4*w**2 + 33*w - 7. Let o be z(8). Suppose -o + f = y. Give h(y).
-4
Let a(q) = -4*q**2 - 2*q + 5. Let m be 2/(-4) + (-12)/(-8). Let g(u) = -u + 1. Let z(x) = m*a(x) - 4*g(x). What is z(2)?
-11
Let q(s) = -s**2 - 2*s + 7. Suppose -z - 3*h - 12 - 9 = 0, -h - 17 = 2*z. Give q(z).
-17
Let r(c) = -c + 3. Let u(y) = 16*y**2 + 30*y - 4. Let a be u(-2). Determine r(a).
3
Let z = 493 - 487. Let x(m) = m**3 - 6*m**2 + 3*m - 20. Give x(z).
-2
Let y(t) be the first derivative of t**2 + 11*t + 72. Determine y(12).
35
Let b(k) = 9*k**2 + 40*k - 11. Let p be b(-9). Let u(l) = 177*l**3 + 4*l + 182*l**3 - p*l**3 - 1 + 3*l**2. Determine u(-3).
-13
Let y(v) be the third derivative of v**4/24 - 7*v**3/6 + 4*v**2. Suppose 0 = -4*j + j. Let s = j + 5. Calculate y(s).
-2
Let i(v) be the second derivative of -v**3/6 + 8*v**2 - 96*v. What is i(17)?
-1
Suppose 4*v = -0 - 16. Let q(j) be the third derivative of -j**5/60 - j**4/12 + 2*j**3/3 + 42*j**2. Calculate q(v).
-4
Let a be 54/10 - (-9)/15. Suppose 0 = -5*u + a*u - 17. Let r = u - 12. Let m(w) = w**2 - 3*w - 1. Determine m(r).
9
Let m = 58 - 81. Let j = -21 - m. Let f(h) be the second derivative of h**5/20 - h**4/6 + h**3/3 - 2*h. Give f(j).
4
Let j(p) = -6*p + 1. Let g(u) = 3*u**2 + 57*u + 53. Let r be g(-18). What is j(r)?
7
Suppose 10 + 3 = 5*z + u, 2*z + 3*u = 13. Suppose 2 = -z*h + 2. Let n(c) be the first derivative of -c**2/2 + 10*c + 1. Calculate n(h).
10
Suppose -2*g = 2*g - 32. Suppose -2*n = g, -4*r = -3*r + n. Suppose r*i - l - l = 4, 2*i - 4*l = 8. Let s(v) = -v - 12. Calculate s(i).
-12
Suppose 0 = 2*n + 4 - 10. Let o(v) = -v**3 - 4*v**2 - 4*v + 5. Let f(j) = 3*j**2 + j - 1. Let m(y) = 2*f(y) + o(y). Calculate m(n).
-12
Let k(p) = -p**3 + 5*p**2 - p + 6. Suppose 2*y 